t of 355458550?
5
What is the ten millions digit of 531068299?
3
What is the ten millions digit of 967486870?
6
What is the hundreds digit of 1309872045?
0
What is the units digit of 90653100?
0
What is the hundred thousands digit of 276751437?
7
What is the units digit of 574762124?
4
What is the hundred millions digit of 2060724243?
0
What is the hundred thousands digit of 19342959?
3
What is the millions digit of 384331963?
4
What is the hundred thousands digit of 100882959?
8
What is the ten millions digit of 3176448810?
7
What is the hundred millions digit of 749906737?
7
What is the thousands digit of 253814362?
4
What is the hundred thousands digit of 34895830?
8
What is the hundreds digit of 8117341544?
5
What is the hundreds digit of 300599746?
7
What is the ten millions digit of 49843963?
4
What is the thousands digit of 811205465?
5
What is the tens digit of 148986099?
9
What is the ten thousands digit of 194445544?
4
What is the thousands digit of 107082146?
2
What is the hundreds digit of 6512875614?
6
What is the thousands digit of 482260?
2
What is the ten thousands digit of 23329315?
2
What is the ten thousands digit of 176386283?
8
What is the millions digit of 13471083?
3
What is the millions digit of 29169642?
9
What is the units digit of 260484081?
1
What is the hundreds digit of 2438631255?
2
What is the thousands digit of 72929215?
9
What is the hundred thousands digit of 27855971?
8
What is the hundred thousands digit of 898459350?
4
What is the ten thousands digit of 331349189?
4
What is the hundred thousands digit of 21094111?
0
What is the tens digit of 17224722?
2
What is the millions digit of 56039063?
6
What is the hundred millions digit of 1575944967?
5
What is the hundred millions digit of 3281619556?
2
What is the hundred thousands digit of 689470719?
4
What is the tens digit of 65883621?
2
What is the ten millions digit of 1484383828?
8
What is the hundred millions digit of 854177374?
8
What is the thousands digit of 1568924780?
4
What is the hundreds digit of 3722527785?
7
What is the ten millions digit of 20410743?
2
What is the hundreds digit of 395193113?
1
What is the hundred thousands digit of 21425006?
4
What is the millions digit of 90909455?
0
What is the thousands digit of 62676762?
6
What is the ten millions digit of 1377827836?
7
What is the thousands digit of 413169711?
9
What is the tens digit of 919204101?
0
What is the ten millions digit of 27715009?
2
What is the hundreds digit of 2097643?
6
What is the millions digit of 23882414?
3
What is the tens digit of 1619954?
5
What is the ten thousands digit of 16083350?
8
What is the tens digit of 425922602?
0
What is the tens digit of 1328063607?
0
What is the tens digit of 40429586?
8
What is the thousands digit of 167790232?
0
What is the hundred millions digit of 914861043?
9
What is the hundreds digit of 503953708?
7
What is the hundreds digit of 103527581?
5
What is the thousands digit of 1521809593?
9
What is the ten millions digit of 366228525?
6
What is the ten millions digit of 79041040?
7
What is the millions digit of 17282229?
7
What is the millions digit of 322688294?
2
What is the tens digit of 187226109?
0
What is the thousands digit of 81473358?
3
What is the hundred thousands digit of 30524058?
5
What is the tens digit of 34272047?
4
What is the billions digit of 2865729682?
2
What is the hundred millions digit of 9028329538?
0
What is the millions digit of 3844218005?
4
What is the ten millions digit of 1890217676?
9
What is the hundred thousands digit of 77964123?
9
What is the hundred thousands digit of 5170286951?
2
What is the millions digit of 43208347?
3
What is the hundreds digit of 2525593962?
9
What is the tens digit of 1409080458?
5
What is the hundred millions digit of 3199223202?
1
What is the tens digit of 5835513?
1
What is the ten thousands digit of 2607283027?
8
What is the billions digit of 4608694094?
4
What is the hundreds digit of 110043424?
4
What is the hundred thousands digit of 4298808?
2
What is the thousands digit of 2613133699?
3
What is the units digit of 1149581698?
8
What is the ten millions digit of 4070793266?
7
What is the millions digit of 148019803?
8
What is the ten millions digit of 958878721?
5
What is the ten millions digit of 1178882563?
7
What is the ten millions digit of 1536217135?
3
What is the hundreds digit of 643210688?
6
What is the hundred millions digit of 2210034652?
2
What is the hundreds digit of 39061801?
8
What is the hundreds digit of 746220125?
1
What is the hundred millions digit of 370740616?
3
What is the hundreds digit of 302887873?
8
What is the hundreds digit of 26334738?
7
What is the hundreds digit of 310912491?
4
What is the ten thousands digit of 1206967?
0
What is the units digit of 1250960970?
0
What is the units digit of 195411609?
9
What is the ten thousands digit of 4753982378?
8
What is the thousands digit of 1607890?
7
What is the units digit of 1445314280?
0
What is the hundred millions digit of 126403385?
1
What is the hundreds digit of 22575286?
2
What is the hundreds digit of 10629462?
4
What is the units digit of 3101327071?
1
What is the millions digit of 574649406?
4
What is the tens digit of 474550595?
9
What is the hundred thousands digit of 37692438?
6
What is the ten thousands digit of 51522326?
2
What is the hundred thousands digit of 39914314?
9
What is the ten millions digit of 49881991?
4
What is the thousands digit of 97069708?
9
What is the thousands digit of 250137647?
7
What is the ten millions digit of 176649552?
7
What is the tens digit of 1228206577?
7
What is the hundred thousands digit of 4032813166?
8
What is the hundred thousands digit of 49074661?
0
What is the units digit of 73011511?
1
What is the units digit of 38295778?
8
What is the millions digit of 818649520?
8
What is the ten millions digit of 61399210?
6
What is the thousands digit of 6654000?
4
What is the hundred thousands digit of 324487184?
4
What is the hundred thousands digit of 173549516?
5
What is the ten millions digit of 175434954?
7
What is the tens digit of 68532513?
1
What is the thousands digit of 24370236?
0
What is the hundred thousands digit of 291543815?
5
What is the millions digit of 44539673?
4
What is the ten thousands digit of 76723538?
2
What is the hundreds digit of 667427545?
5
What is the ten thousands digit of 341430449?
3
What is the ten millions digit of 2042266906?
4
What is the ten millions digit of 32162766?
3
What is the hundred thousands digit of 66251940?
2
What is the hundred thousands digit of 1095548922?
5
What is the units digit of 7766842839?
9
What is the hundred thousands digit of 219801612?
8
What is the units digit of 481743481?
1
What is the ten thousands digit of 1058865240?
6
What is the ten thousands digit of 82350185?
5
What is the millions digit of 52222657?
2
What is the hundred millions digit of 522113339?
5
What is the ten thousands digit of 5376223?
7
What is the units digit of 2953808365?
5
What is the ten thousands digit of 244431466?
3
What is the ten millions digit of 2809180980?
0
What is the thousands digit of 1857672130?
2
What is the ten millions digit of 2360602864?
6
What is the ten millions digit of 399514169?
9
What is the hundreds digit of 156736860?
8
What is the millions digit of 2608906402?
8
What is the thousands digit of 26824779?
4
What is the thousands digit of 280742901?
2
What is the ten thousands digit of 78445629?
4
What is the thousands digit of 218805262?
5
What is the millions digit of 70687292?
0
What is the tens digit of 37758148?
4
What is the millions digit of 78329125?
8
What is the units digit of 1024679?
9
What is the millions digit of 708285021?
8
What is the ten thousands digit of 69825674?
2
What is the units digit of 739181122?
2
What is the thousands digit of 97583801?
3
What is the hundred millions digit of 224110538?
2
What is the hundreds digit of 711830130?
1
What is the ten millions digit of 374680301?
7
What is the ten millions digit of 56336540?
5
What is the hundred millions digit of 374430644?
3
What is the units digit of 2656177555?
5
What is the billions digit of 1305241364?
1
What is the ten millions digit of 1570460986?
7
What is the hundred thousands digit of 16420